. What is l(-3)?
55
Let o(m) = 1037*m + 72630. Give o(-70).
40
Let o(t) = 7*t**2 - 412*t - 64. Determine o(59).
-5
Let j(d) = -200957*d - 1607655. Calculate j(-8).
1
Let d(j) = -456*j**3 - 28*j**2 + 35*j + 37. Give d(-2).
3503
Let t(q) = 3*q**3 + 1059*q**2 + 261*q + 92142. Give t(-353).
9
Let a(m) = -9*m**3 + 736*m**2 + 179*m - 1215. Determine a(82).
15
Let d(b) = 97*b**2 + 6202*b - 578. Give d(-64).
-194
Let y(n) = -6*n**2 + 669*n - 5830. Give y(102).
-16
Let o(k) = 19174*k + 1591461. Calculate o(-83).
19
Let h(v) = -11*v**2 + 783*v + 5070. Calculate h(-6).
-24
Let b(r) = 9*r**3 - 5025*r**2 - 8400*r - 8. Determine b(560).
-8
Let t(n) = 19*n**2 + 87*n + 1096. Determine t(-7).
1418
Let c(q) = 12*q**2 - 7842*q + 39218. What is c(5)?
308
Let q(h) = 187*h + 9412. Give q(-21).
5485
Let r(a) = 24*a**3 - 433*a**2 + 20*a - 26. What is r(18)?
10
Let p(c) = 10*c**2 - 234*c + 83. Give p(18).
-889
Let c(j) = -4*j**2 - 60*j + 578. Determine c(9).
-286
Let w(h) = -11194*h - 5876868. Determine w(-525).
-18
Let w(a) = a**2 - 882*a - 60523. What is w(-64)?
21
Let b(y) = -3905*y + 31483. Give b(8).
243
Let n(d) = -4897*d**2 + 195880*d - 38. Give n(40).
-38
Let m(l) = 54*l**3 + 6*l**2 + 99*l + 94. Give m(-1).
-53
Let k(m) = 28981*m - 289851. Calculate k(10).
-41
Let q(v) = 30*v**2 - 3048*v + 1813. Give q(101).
-5
Let l(o) = -19*o**2 + 159*o - 863. Calculate l(5).
-543
Let y(r) = 17*r**3 - 120*r**2 + 19*r - 92. Calculate y(7).
-8
Let h(k) = 69*k**2 + 2000*k - 99. Calculate h(-29).
-70
Let j(m) = -6*m**3 + 2*m**2 + 148*m - 24. What is j(-4)?
-200
Let o(w) = 32*w**2 + 1827*w + 18440. Give o(-44).
4
Let z(d) = -9*d**2 + 627*d - 1236. Determine z(2).
-18
Let s(m) = -3*m**2 + 10975*m + 65821. Give s(-6).
-137
Let i(g) = -2*g**2 + 30337*g + 455518. What is i(-15)?
13
Let v(z) = z**3 - 211*z**2 - 6166*z + 939. Determine v(237).
-9
Let q(g) = g**2 - 113*g + 3213. Determine q(48).
93
Let y(z) = -1400*z**2 - 36582*z - 4741. Determine y(-26).
-9
Let p(d) = 255*d + 36971. Give p(-143).
506
Let n(y) = -2*y**2 - 11689*y - 105050. Determine n(-9).
-11
Let t(g) = -4*g**3 + 90*g**2 - 13*g - 145. What is t(22)?
537
Let d(i) = -8*i**3 - 3*i**2 - 774*i - 2323. Calculate d(-3).
188
Let v(m) = -2401*m - 90742. Calculate v(-38).
496
Let a(v) = -2*v**2 + 300*v - 9799. Calculate a(48).
-7
Let j(s) = 2049*s - 14832. Calculate j(7).
-489
Let t(l) = 94*l - 29096. Give t(312).
232
Let r(b) = 838249*b + 36. Determine r(0).
36
Let y(w) = -6*w**3 + 9*w**2 - 5516*w + 11052. Give y(2).
8
Let g(c) = 334*c - 57558. Calculate g(178).
1894
Let k(q) = -31726*q + 127471. Give k(4).
567
Let f(b) = 5842*b + 60278. Calculate f(-10).
1858
Let a(u) = 14*u**2 - 1642*u + 34719. Calculate a(28).
-281
Let h(d) = 1355*d + 58235. What is h(-43)?
-30
Let o(d) = -43138*d - 603945. Calculate o(-14).
-13
Let v(c) = -c**3 - 4*c**2 - 233*c - 2222. Give v(-10).
708
Let f(c) = c**3 + 16*c**2 - 85*c - 131. Give f(-18).
751
Let n(r) = 29*r**2 - 158*r + 33. Determine n(5).
-32
Let w(o) = 1157*o - 6829. Give w(6).
113
Let u(r) = -173*r + 30114. Determine u(174).
12
Let p(y) = -1965*y - 104133. What is p(-53)?
12
Let k(l) = -484*l + 3003. Calculate k(6).
99
Let s(g) = -8845*g - 194596. Determine s(-22).
-6
Let q(y) = -y**3 - 19*y**2 + 42919*y + 772873. Determine q(-18).
7
Let z(k) = -1270*k - 53338. Calculate z(-42).
2
Let b(t) = t**3 - 30*t**2 - 357*t + 1099. Give b(39).
865
Let p(c) = 37*c**2 - 493*c - 285. Calculate p(14).
65
Let c(s) = 2789*s - 2684. Give c(1).
105
Let w(t) = 3634*t + 8778. Determine w(-3).
-2124
Let i(k) = 4*k + 1126. Determine i(-283).
-6
Let a(d) = -3*d**3 + 375*d**2 + 776*d - 1783. Give a(127).
-5
Let l(g) = 4*g**3 - 4*g**2 + 9806*g + 49000. What is l(-5)?
-630
Let x(h) = -h**2 + 971*h + 60819. Calculate x(-59).
49
Let s(b) = b**2 + 64207*b + 385177. Determine s(-6).
-29
Let g(v) = v**3 - 121*v**2 + 3661*v - 6374. What is g(70)?
-4
Let s(a) = -2*a**3 + 13*a**2 + 180. Calculate s(10).
-520
Let m(t) = 799*t + 12184. Determine m(-14).
998
Let j(u) = -28*u**3 - 93*u**2 - 132*u - 215. Determine j(-3).
100
Let z(c) = -193710*c - 3874214. Determine z(-20).
-14
Let c(f) = f**3 - 17*f**2 - 37*f + 229. Calculate c(17).
-400
Let f(s) = s**3 + 54*s**2 - 661*s + 124. Determine f(-64).
1468
Let v(j) = 745*j**2 - 1894*j + 30. Calculate v(2).
-778
Let k(b) = 14*b**2 - 140*b + 360. Determine k(7).
66
Let a(c) = 801*c - 8889. Determine a(11).
-78
Let k(x) = 3*x**3 + 76*x**2 + 297*x + 6704. Determine k(-25).
-96
Let l(i) = -i**3 - 11*i**2 + 183*i - 17. Calculate l(9).
10
Let d(g) = 3167*g - 60166. What is d(19)?
7
Let m(v) = 382*v + 49742. Give m(-130).
82
Let i(a) = 108*a**2 - 855*a - 5. What is i(7)?
-698
Let s(q) = 2*q**2 + 158*q + 2062. Calculate s(-17).
-46
Let a(r) = 3*r**2 + 68983*r + 689533. Give a(-10).
3
Let s(v) = -22525*v + 112578. What is s(5)?
-47
Let t(l) = -1589*l - 5425. Determine t(-5).
2520
Let l(c) = -c**3 - 30*c**2 - 691*c - 19282. Determine l(-29).
-84
Let b(j) = 6356*j - 2027588. Give b(319).
-24
Let f(w) = w**3 + 785*w**2 + 55777*w + 353. Give f(-79).
116
Let z(m) = 5*m**2 - 392*m + 1053. Give z(0).
1053
Let t(d) = -8432*d + 75402. Give t(9).
-486
Let q(n) = 32446*n + 584075. Determine q(-18).
47
Let d(l) = 65*l - 6039. Calculate d(89).
-254
Let l(r) = 7543*r - 68000. Give l(9).
-113
Let t(u) = -4*u**2 - 59*u + 705. Calculate t(11).
-428
Let m(l) = -4942*l + 64278. Determine m(13).
32
Let u(g) = -2*g**3 - 56*g**2 - 19*g - 588. Determine u(-28).
-56
Let n(h) = -889*h**3 - 123573*h**2 - 277*h + 155. Determine n(-139).
16
Let w(y) = -3480*y - 41639. Determine w(-12).
121
Let l(z) = 6186*z - 191769. Calculate l(31).
-3
Let i(z) = 2*z**3 + 117*z**2 + 65*z + 7363. Calculate i(-59).
47
Let p(b) = -49*b**2 + 8795*b + 8797. What is p(-1)?
-47
Let k(w) = -10*w**3 + 9*w**2 - 41*w + 146. Calculate k(3).
-166
Let s(q) = -2*q**3 + 810*q**2 - 6364*q + 4744. What is s(397)?
-20
Let f(v) = -33*v**2 - 18728*v + 219441. What is f(-579)?
0
Let g(c) = -c**3 + 12*c**2 - 229*c + 2241. Give g(9).
423
Let h(j) = 2*j**3 + 336*j**2 - 998*j - 46. Determine h(3).
38
Let z(r) = -5805*r**2 - 75466*r - 17. Calculate z(-13).
-4
Let h(q) = -434*q + 17022. Calculate h(44).
-2074
Let v(u) = u**3 + 34*u**2 + 58*u - 429. Give v(-26).
3471
Let g(w) = 2*w**2 - 97844*w + 2640330. What is g(27)?
0
Let l(n) = 5*n**3 + 124*n**2 + 727*n + 15110. Give l(-24).
-34
Let c(u) = 4*u**3 + 25*u**2 + 389*u + 2558. Calculate c(-7).
-312
Let i(v) = -7903745*v - 47422477. Calculate i(-6).
-7
Let y(i) = 2*i**2 - 4005*i - 1211909. Determine y(-267).
4
Let q(f) = -16*f**3 - 13*f**2 + 17*f - 19. Determine q(3).
-517
Let r(n) = -110784*n + 664700. What is r(6)?
-4
Let k(q) = -645*q + 23232. What is k(36)?
12
Let m(x) = -5*x**2 - 720*x - 25510. What is m(-63)?
5
Let h(t) = -24*t + 2706. Determine h(14).
2370
Let w(r) = -r**3 + 53*r**2 - 299*r - 11833. Determine w(32).
103
Let j(t) = 28978*t - 231898. Determine j(8).
-74
Let d(c) = -1649*c**2 - 16479*c + 174. Determine d(-10).
64
Let r(i) = 24347*i + 413899. What is r(-17)?
0
Let m(b) = 2*b**3 + 70*b**2 + 131*b - 62. Give m(-33).
-29
Let i(o) = -2*o**3 + 875*o**2 + 19703*o + 15606. Give i(459).
0
Let q(s) = 23*s**3 - 4*s**2 + 56*s - 80. Calculate q(4).
1552
Let p(d) = 3*d**3 + 21*d**2 - 386*d - 3224. What is p(-8)?
-328
Let g(k) = 2*k**2 - 1987*k - 11953. Give g(-6).
41
Let h(g) = 41*g**2 + 153*g - 1158. What is h(8)?
2690
Let n(r) = -73*r**2 - 1535*r - 4607. What is n(-3)?
-659
Let i(o) = 3339*o + 36751. Give i(-11).
22
Let u(z) = -2227*z - 398627. Determine u(-179).
6
Let i(j) = j**3 + 63*j**2 - 26*j - 738. What is i(-63)?
900
Let i(y) = 262*y**2 + 1779*y - 344. Give i(-7).
41
Let o(j) = 5*j**2 + 488*j + 1909. Give o(-4).
37
Let x(r) = 18759*r + 150124. What is x(-8)?
52
Let u(z) = -103*z**2 + 766*z - 1380. What is u(4)?
36
Let a(g) = -503504*g + 3020966. Give a(6).
-58
Let y(j) = -j**3 + 18*j**2 + 184*j - 2253. What is y(8)?
-141
Let c(j) = j**3 - 49*j**2 + j - 36. Calculate c(49).
13
Let f(o) = o**3 + 382*o**2 - 666*o + 38845. What is f(-384)?
-323
Let f(j) = -2*j**3 + 1538*j**2 + 1350*j + 146301. Calculate f(770).
1
Let g(t) = -72781*t - 873384. Give g(-12).
-12
Let s(f) = f**3 + 9*f**2 - 1299*f - 10457. Calculate s(-8).
-1
Let j(r) = 40*r**2 - 926*r - 17. Give j(23).
-155
Let q(i) = -i**3 + 22*i**2